= -2*r + 5*w + 5. Let k be n(r). Calculate the highest common divisor of k and 7.
7
Let p be (((-12285)/(-156))/15)/((-2)/(-120)). What is the highest common factor of p and 423?
9
Suppose 0 = p + 2*p. Suppose -9 = 3*d - 3*g, -37*d + 35*d = -5*g + 15. Suppose p = 4*r - d - 32. What is the highest common factor of 32 and r?
8
Suppose -3*p = -1 - 2. Let w = 230 + p. Calculate the greatest common divisor of w and 33.
33
Suppose 6*j = -521 + 2387. Let a = 520 - j. What is the greatest common divisor of a and 19?
19
Let q be ((14 - (16 - 13)) + -8)/(6/176). Suppose 0 = -3*i - 6*w + w + 97, -2*w = -5*i + 110. Calculate the greatest common divisor of i and q.
8
Suppose 4*j - 1180 = 332. Let r = 17225 + -17171. Calculate the highest common divisor of r and j.
54
Let g be 0*((-35)/10)/(-7). Suppose g = -51*o + 44*o + 280. What is the highest common divisor of 16 and o?
8
Let w be 11 + -1*(-1 - -2). Suppose -6*u - w*u = -80. Suppose -v + 29 = -u*j, v = j + j + 26. What is the greatest common divisor of 32 and v?
8
Let n = -11394 + 12984. Calculate the greatest common divisor of 120 and n.
30
Let a be ((-259)/(-14))/((-14)/(-252)). Suppose a = 7*s - 3*s - 5*x, -159 = -2*s + x. Let z = 10 - 3. Calculate the greatest common factor of s and z.
7
Suppose 106*g - 141705 = -129*g. What is the greatest common factor of g and 1541?
67
Let u = 258 - 139. Let m be ((-34)/11)/((-232)/1276). Calculate the greatest common divisor of u and m.
17
Let b(k) = -9*k - 1. Let j be b(-1). Suppose -9*l = -j*l - 499. Let h be (-1)/(-5 + l/100). Calculate the highest common factor of h and 20.
20
Let s = -373 - -388. Let m(c) = c**3 - 12*c**2 - 34*c - 33. Let r be m(s). What is the greatest common divisor of 220 and r?
44
Suppose -4*m + 5*l = -1230, 4*m + 3*l = 1597 - 383. Let d = -175 + m. Let q be (-5)/d*-1660 - 4/(-26). Calculate the greatest common divisor of q and 16.
16
Let l(k) = -205 - 21*k - 19*k - 22*k + 52*k. Let x be l(-22). Calculate the highest common divisor of x and 630.
15
Let u(a) = a**2 - 9*a + 1. Let v be u(11). Let d be v - (-1)/((-1)/(-1)). Let s = -1158 - -1174. Calculate the greatest common factor of d and s.
8
Let g be 280/(40 - 10368/270). Suppose 365 = 3*w + 2*l - 0*l, -4*w = 4*l - 480. What is the greatest common divisor of w and g?
25
Let c = -182 + 533. Suppose 5*o = 4*d + 583, -d - 2*d = -3*o + c. Calculate the highest common factor of 23 and o.
23
Let r(o) = o**2 + o - 9. Let j be r(-4). Let s(v) = 6 + 4*v**2 - 7*v - 22 + v**j + v. Let h be s(-4). What is the highest common factor of h and 8?
8
Let f(a) = a**2 + 3*a - 2. Let l be f(-5). Let u(c) = 2*c + 23*c + 0 - 9 + 40. Let d be u(1). Calculate the highest common factor of l and d.
8
Suppose 3*z = -m - 833, -22*z = 4*m - 18*z + 3340. Let h = -656 - m. Calculate the highest common factor of h and 270.
90
Let d(h) = -19*h + 275. Let k = -229 + 235. Let g be d(k). Calculate the highest common factor of 23 and g.
23
Let o(b) = -b**3 + 5*b**2 - b + 9. Let q be o(3). Suppose q*v = 2551 + 8873. What is the greatest common divisor of v and 68?
68
Let p(b) = 13*b**3 + 12*b**2 - 19*b + 114. Let j be p(6). What is the greatest common divisor of 96 and j?
24
Let c = -52196 + 52351. Let m = -50 - -81. Calculate the highest common factor of m and c.
31
Suppose 2*f - 2*y - 24 = 0, 4*y - 4 = -2*f + 2. Let c be 165/f + 1/(-3). What is the highest common factor of 198 and c?
18
Let o be -7*(-23 + (8 - 6)). Suppose -o = 7*f - 672. What is the highest common factor of 1725 and f?
75
Let w(l) = 66*l**3 - 3*l**2 - 16*l + 105. Let v be w(5). What is the highest common factor of 150 and v?
50
Let n be (405/6)/((450/40)/15). What is the highest common factor of n and 465?
15
Let x be (-1 + 5)/(2/9). Let v be (25 + -28)*(-10)/(-6) - -167. What is the highest common divisor of x and v?
18
Let k = -240 + 490. Let d = 371 - k. Let l = d + -108. Calculate the greatest common factor of l and 247.
13
Let j(k) = 712*k - 6. Let n be j(7). What is the greatest common factor of n and 38?
38
Let q(s) = -s**3 - 8*s**2 - 4*s + 62. Let f be q(-5). Calculate the greatest common divisor of 149 and f.
1
Suppose 0 = 2*d + 4*w - 7*w, 2*w = -4*d + 16. Let c = 9 + -5. Suppose -c*r = d*a - 0*a - 197, 325 = 5*a + 5*r. What is the greatest common factor of a and 9?
9
Let a be (15/(-2))/((-6)/(-12)*-3). Suppose 98 + 242 = a*b. Let z be (-2)/4 + (-9)/(-2). Calculate the highest common divisor of z and b.
4
Let s = 151 + -397. Let c be 2/6*-1 + (-28372)/s. Calculate the greatest common factor of c and 23.
23
Let x be -2 - 33/(-21) - (-185)/7. Suppose x*y + 14 = 24*y. Let j = y + 33. Calculate the greatest common factor of j and 286.
26
Let z be ((-1820)/(-39))/(2/3). Suppose -340 + z = -5*d. Let l be 25/10*12/5. Calculate the greatest common divisor of d and l.
6
Let x(a) = a**2 + a + 1. Let u be x(-2). Let q be (2/8*0)/3. Suppose -2*n + u*n - 85 = q. What is the greatest common divisor of n and 17?
17
Suppose -92 = -10*k + 28. Let l be (8/k)/(6/(-45)) + 13. Let v be (-290)/(-9) - (-4)/(-18). What is the highest common factor of v and l?
8
Let b be (-8)/20 + 6/(-10). Let n(g) = -28*g + 4. Let z be n(b). Suppose 2*c = 5*i + z, -3*c = -2*i + i - 74. What is the greatest common factor of 39 and c?
13
Let a(d) = 5*d**2 + 24*d + 114. Let f be a(-11). Suppose 3*c - 83 = 112. What is the greatest common divisor of c and f?
65
Let b(a) = a**3 + 58*a**2 - 22*a + 2263. Let k be b(-59). What is the highest common divisor of k and 8?
8
Suppose -3*s - c - 1 = 0, -2*s - 10*c = -12*c - 2. Suppose 89 = 5*n - 3*x - 66, s = -2*n + x + 61. What is the highest common divisor of 224 and n?
28
Suppose -2*m - 3*m = -860. Suppose -907 = -5*x - m. Let h = x + -84. What is the greatest common factor of 7 and h?
7
Let q be 906/15 + (-2)/5. Let a(k) = -2*k - 2. Suppose -f - n - 3 = -5*n, 2*f = -4*n - 30. Let d be a(f). Calculate the highest common divisor of q and d.
20
Suppose 27 = 5*p - 3*f - 32, 35 = 2*p - 5*f. Let j = p - 5. Suppose -2*b - 2*b - 43 = -3*q, -j*q + 2*b = -95. What is the highest common divisor of 189 and q?
21
Let v(p) = 2*p**2 + 33*p - 25. Let t be v(-17). Let u be (-105)/(-6) - t/(-16). What is the highest common divisor of u and 323?
17
Let r be 22076 - 36/((-18)/2). Calculate the greatest common factor of r and 96.
96
Let n be -17 + (-36)/(-126)*21007. What is the greatest common factor of n and 684?
171
Suppose 0 = m - 3, -t + m + 11 = -m. Let n = -7 + t. Suppose -x - x + 5*p = -190, -4*x = -3*p - 366. What is the highest common divisor of n and x?
10
Suppose 20749*k - 20670 = 20684*k. Calculate the highest common factor of k and 7155.
159
Let l = 16619 + -16606. What is the greatest common divisor of 50843 and l?
13
Let l(g) = -13*g**2 + 87*g - 3. Let a(d) = 14*d**2 - 86*d + 2. Let f(m) = -3*a(m) - 2*l(m). Let z be f(5). What is the greatest common divisor of 10 and z?
10
Suppose 578*h = 573*h - 3920. Let q = 1657 + h. What is the highest common divisor of 9 and q?
9
Let o = 1647 - 1575. Let j = 13 + -12. Suppose j = -3*h + 28. What is the greatest common divisor of o and h?
9
Let k(t) = -11*t**2 + 2*t + 1. Let p be k(2). Let q = p - -57. Let x(c) = 50*c + 1006. Let m be x(-20). What is the greatest common factor of q and m?
6
Let a(f) = f**3 + 7*f**2 - 32*f - 200. Let b be a(-5). What is the greatest common factor of 178 and b?
2
Suppose 2*q = 2*k + 646 - 2510, 5*k = -5*q + 4700. Calculate the highest common divisor of 384 and k.
24
Suppose 0 = 36*a - 34*a - 26. Suppose 0 = -a*y - 4 + 108. Calculate the greatest common factor of y and 10.
2
Let a be (1 + 24)/(2/4). Let v be 32/(-20) + (-19245)/(-75) - (-30)/(-6). Calculate the greatest common factor of v and a.
50
Let p be (-241)/(-2) + 19*(-15)/(-570). What is the greatest common factor of p and 154?
11
Suppose 5*f + 8*m - 325 = 3*m, 0 = 5*f + 2*m - 334. Suppose -g + 56 = -u, -4*g + 62 = u - 137. What is the greatest common divisor of f and g?
17
Suppose 13*z + 5735 = -2598. Let i = z - -971. What is the highest common factor of i and 10?
10
Let x be (-438)/(-4)*46/69. Calculate the greatest common divisor of 1679 and x.
73
Suppose 24 = -4*r + 6*r. Suppose -5*x - u = 2 + 32, 0 = -3*x - u - 22. Let n be ((x + 1)/(-10))/(1/r). Calculate the highest common divisor of n and 78.
6
Suppose 2*o - 3*